ds digit of 23856772?
8
What is the billions digit of 3559728898?
3
What is the ten thousands digit of 4110760978?
6
What is the hundreds digit of 42961785?
7
What is the ten thousands digit of 1355068431?
6
What is the hundreds digit of 1126481710?
7
What is the tens digit of 220912492?
9
What is the thousands digit of 211320291?
0
What is the hundred thousands digit of 437965518?
9
What is the ten thousands digit of 38840413?
4
What is the hundred millions digit of 1585836312?
5
What is the tens digit of 3335925593?
9
What is the ten millions digit of 36734408?
3
What is the thousands digit of 2834142359?
2
What is the thousands digit of 1791498509?
8
What is the units digit of 7413801?
1
What is the hundreds digit of 2836584421?
4
What is the units digit of 50816812?
2
What is the hundreds digit of 585454611?
6
What is the units digit of 706818326?
6
What is the tens digit of 1683439864?
6
What is the millions digit of 555342454?
5
What is the tens digit of 316067987?
8
What is the millions digit of 4283645660?
3
What is the hundred millions digit of 306757515?
3
What is the hundreds digit of 53842965?
9
What is the units digit of 74709282?
2
What is the millions digit of 100607271?
0
What is the millions digit of 2275506701?
5
What is the hundred millions digit of 188457008?
1
What is the thousands digit of 77278592?
8
What is the units digit of 708040808?
8
What is the billions digit of 1634279706?
1
What is the thousands digit of 1641752264?
2
What is the hundreds digit of 546424?
4
What is the ten thousands digit of 780141822?
4
What is the units digit of 1089274414?
4
What is the millions digit of 2204792645?
4
What is the tens digit of 773084244?
4
What is the ten thousands digit of 495236228?
3
What is the units digit of 51720612?
2
What is the hundred thousands digit of 134097688?
0
What is the millions digit of 4985104528?
5
What is the hundred millions digit of 1309045218?
3
What is the tens digit of 572163095?
9
What is the hundreds digit of 13939610?
6
What is the thousands digit of 475668995?
8
What is the tens digit of 5461605825?
2
What is the hundred thousands digit of 354432051?
4
What is the hundred millions digit of 734166829?
7
What is the ten millions digit of 62286621?
6
What is the millions digit of 30149420?
0
What is the hundred thousands digit of 163391767?
3
What is the ten millions digit of 1348053349?
4
What is the ten thousands digit of 782200413?
0
What is the thousands digit of 108701679?
1
What is the tens digit of 774089198?
9
What is the thousands digit of 7318785605?
5
What is the thousands digit of 365828912?
8
What is the millions digit of 3790949789?
0
What is the thousands digit of 39531336?
1
What is the millions digit of 142919961?
2
What is the millions digit of 100476196?
0
What is the millions digit of 527452650?
7
What is the units digit of 2014575582?
2
What is the hundred thousands digit of 2143491448?
4
What is the hundreds digit of 64165458?
4
What is the hundred millions digit of 2783322948?
7
What is the units digit of 689917117?
7
What is the ten thousands digit of 184243202?
4
What is the hundreds digit of 297738818?
8
What is the hundreds digit of 5780874145?
1
What is the ten millions digit of 1101077542?
0
What is the ten thousands digit of 1651719210?
1
What is the ten thousands digit of 1721404173?
0
What is the hundred millions digit of 258394813?
2
What is the ten millions digit of 166129232?
6
What is the millions digit of 234758852?
4
What is the ten millions digit of 644925046?
4
What is the ten millions digit of 6334705810?
3
What is the hundred thousands digit of 1844400?
8
What is the thousands digit of 1059717281?
7
What is the millions digit of 334915348?
4
What is the units digit of 111889868?
8
What is the tens digit of 93227081?
8
What is the hundred thousands digit of 2034913942?
9
What is the hundreds digit of 20837867?
8
What is the hundred millions digit of 780139516?
7
What is the millions digit of 133598613?
3
What is the millions digit of 7190973?
7
What is the tens digit of 21692586?
8
What is the hundred millions digit of 455230828?
4
What is the thousands digit of 167905747?
5
What is the hundred thousands digit of 641357334?
3
What is the hundreds digit of 4355425464?
4
What is the billions digit of 1086825267?
1
What is the ten millions digit of 2061741993?
6
What is the units digit of 34018472?
2
What is the units digit of 72464043?
3
What is the hundred thousands digit of 82554773?
5
What is the billions digit of 1560517322?
1
What is the hundred thousands digit of 1145580663?
5
What is the hundreds digit of 124658409?
4
What is the units digit of 192376736?
6
What is the thousands digit of 2800627133?
7
What is the ten thousands digit of 4171382?
7
What is the thousands digit of 7877503?
7
What is the hundreds digit of 60982852?
8
What is the units digit of 129134299?
9
What is the thousands digit of 17459270?
9
What is the hundred millions digit of 838801418?
8
What is the hundred thousands digit of 1242425577?
4
What is the hundred millions digit of 4749059439?
7
What is the millions digit of 30255241?
0
What is the hundreds digit of 853928930?
9
What is the ten thousands digit of 2674766287?
6
What is the tens digit of 3154960496?
9
What is the units digit of 1740447549?
9
What is the units digit of 60640700?
0
What is the hundreds digit of 31364764?
7
What is the millions digit of 772779104?
2
What is the thousands digit of 22379056?
9
What is the thousands digit of 27633421?
3
What is the hundred millions digit of 1316800867?
3
What is the ten millions digit of 260822280?
6
What is the hundreds digit of 454650703?
7
What is the thousands digit of 711874548?
4
What is the hundred millions digit of 113526073?
1
What is the millions digit of 1015131142?
5
What is the tens digit of 2097416960?
6
What is the ten thousands digit of 1095374398?
7
What is the ten millions digit of 192959705?
9
What is the millions digit of 1140433374?
0
What is the units digit of 39298608?
8
What is the ten millions digit of 969382984?
6
What is the hundred millions digit of 1202826072?
2
What is the units digit of 96135058?
8
What is the ten millions digit of 40856476?
4
What is the hundred thousands digit of 2583726309?
7
What is the hundreds digit of 1115770551?
5
What is the billions digit of 3629784372?
3
What is the thousands digit of 8325830825?
0
What is the hundreds digit of 207714735?
7
What is the hundred millions digit of 184287018?
1
What is the ten thousands digit of 3535744529?
4
What is the thousands digit of 4100259117?
9
What is the millions digit of 70407490?
0
What is the ten thousands digit of 670259259?
5
What is the millions digit of 7446583638?
6
What is the thousands digit of 10375526?
5
What is the hundred thousands digit of 93431361?
4
What is the ten thousands digit of 1378887448?
8
What is the ten thousands digit of 544766999?
6
What is the ten thousands digit of 16973967?
7
What is the units digit of 20892078?
8
What is the millions digit of 72027514?
2
What is the hundreds digit of 216694135?
1
What is the hundreds digit of 594891929?
9
What is the ten millions digit of 44113995?
4
What is the ten millions digit of 14839455?
1
What is the units digit of 1033301002?
2
What is the ten thousands digit of 3266293994?
9
What is the thousands digit of 46747322?
7
What is the hundred thousands digit of 400889460?
8
What is the ten millions digit of 29486108?
2
What is the thousands digit of 3695896634?
6
What is the hundreds digit of 91048410?
4
What is the hundred thousands digit of 1166557868?
5
What is the thousands digit of 181512425?
2
What is the hundreds digit of 1931359085?
0
What is the hundred thousands digit of 8017334422?
3
What is the tens digit of 673573566?
6
What is the millions digit of 2361503522?
1
What is the millions digit of 302295173?
2
What is the tens digit of 443208442?
4
What is the hundreds digit of 6992337?
3
What is the thousands digit of 38564391?
4
What is the hundreds digit of 107908192?
1
What is the hundred thousands digit of 95203775?
2
What is the hundreds digit of 62369148?
1
What is the tens digit of 3537215371?
7
What is the hundreds digit of 17370096?
0
What is the thousands digit of 4282328?
2
What is the